
Let r be (22 - 1)*(-4)/(-8 - 4). What is the greatest common factor of r and 2?
1
Let b = 5 + -3. Let t be (-2)/4 + 5/b. Let r be (6/(-12))/(3/72*-2). What is the highest common divisor of t and r?
2
Let s = 216 - 185. What is the greatest common factor of 124 and s?
31
Suppose -4*q = 5*g - 8*g + 6, -q = 0. Suppose -c - i = -0*c - 49, -g*c = 3*i - 103. Calculate the greatest common factor of 66 and c.
22
Let u(o) = -40*o - 165. Let z be u(-21). What is the highest common factor of 27 and z?
27
Let y be (1 - -9)/(6/(3 - 0)). Suppose 0 = -5*p + 3*z + y, -p = p + 3*z - 23. What is the highest common factor of p and 4?
4
Let o = 313 + -286. What is the greatest common factor of o and 9?
9
Let b(u) = -6*u - 17. Let s be b(-6). Suppose 23 = 6*y - s. What is the highest common factor of 7 and y?
7
Suppose -2*u - 4*n - 220 = 0, 3*u + 0*u + 4*n = -332. Let z be (3/(-4))/((-1)/u). Let m be 3*-2*z/8. Calculate the highest common factor of m and 9.
9
Suppose 0 = j - 43 - 34. Let m be 2 + (2 - (0 - -25)). Let s be 4/8 - m/2. Calculate the highest common divisor of s and j.
11
Let v = 16 - 12. Let g be -37 + 1 + (1 - v). Let f be (g/(-6))/(2/4). Calculate the highest common divisor of 104 and f.
13
Suppose -5*d = -3*t + 313 - 88, d = -2*t + 150. Calculate the greatest common divisor of 25 and t.
25
Let j = 8 + 214. Suppose g + 3*o - 52 = 0, -3*g - 26 + j = -o. What is the greatest common factor of 8 and g?
8
Let f = 1395 + -1377. Calculate the greatest common factor of f and 450.
18
Suppose -2*r + m = -8, -2*r + 4*m + 16 - 2 = 0. Suppose -3*b - 24 = -d + 2*b, -120 = -5*d + 5*b. Calculate the greatest common factor of d and r.
3
Let h be (-22)/(-4)*14 - -5. Calculate the greatest common divisor of 820 and h.
82
Suppose -3*n = 3*k - 5*k - 16, -3*k = 5*n - 14. Suppose -n*o + 29 + 7 = 0. What is the greatest common factor of 3 and o?
3
Let c(d) = 2*d**2 - 10*d - 9. Let m(y) = y + 1. Let b be m(0). Suppose -r = -b - 8. Let n be c(r). Calculate the greatest common factor of n and 7.
7
Let v = -13 + 18. Suppose 0 = -i + v, -5*i = 2*z - 3 - 22. Suppose -3*q - 2*q + 175 = z. What is the greatest common factor of q and 5?
5
Suppose 2*b - 7 = -37. Let k = -11 - b. Suppose 36 = -k*y + 260. Calculate the greatest common divisor of 7 and y.
7
Let r = -8 + 13. Let k = -4 + r. Let a(s) = 120*s**3 + 2*s**2 - s. Let p be a(k). Calculate the highest common divisor of 11 and p.
11
Suppose 5*t = t + 20. Suppose 3*z - t*z + 66 = 0. Calculate the greatest common divisor of 11 and z.
11
Let s(o) = -30*o. Let g be s(-1). Suppose 0 = k - 3*k + g. Suppose 5*l + b = 152, 2*b = 4*l + 6*b - 128. What is the greatest common factor of l and k?
15
Let l be 14672/8 - (15 - 6). Calculate the highest common divisor of l and 73.
73
Suppose z + 13 = 2*s, 18 = 5*z + 3. Let p(b) = b**2 - b - 29. Let x be p(s). Calculate the highest common factor of 3 and x.
3
Suppose -126 = 2*n - 3*n. Suppose 2*z - a + 4*a - 43 = 0, -5*a = -3*z + 17. Calculate the greatest common divisor of n and z.
14
Let x(s) = -2*s**3 - 2*s**2 - 6*s - 13. Let m be x(-3). Suppose -5*p + 249 + 161 = 0. Calculate the highest common divisor of p and m.
41
Let l(r) = -7*r + 84. Let u be l(10). What is the highest common divisor of u and 238?
14
Suppose b + 2*c = 0, -5*c = 2*b - 5*b + 22. Suppose b*z + 3*j = 258, j + 307 = 5*z - 3*j. Let i = 29 + -20. Calculate the highest common divisor of z and i.
9
Let y(g) be the first derivative of -g**3/3 - 6*g**2 + 20*g - 5. Let a be y(-10). Let n = a - 33. Calculate the greatest common divisor of n and 63.
7
Suppose -3*z + 55 + 68 = 0. Suppose -701*j + 680*j = -1722. What is the highest common factor of z and j?
41
Let y(q) be the third derivative of q**4/12 - q**3 - 2*q**2. Let s be y(4). Suppose s*m + m = 69. What is the greatest common factor of 207 and m?
23
Let f = -33 + 34. Let t be (-41)/(-2) - f/(-2). What is the greatest common factor of 21 and t?
21
Let q = -56 + 80. Calculate the greatest common factor of q and 696.
24
Let q(b) = -6*b + 26. Let a be q(4). Suppose -a*p = -11*p + 1071. Calculate the highest common factor of p and 17.
17
Let k(w) = -3*w**3 + w**2 + 4*w - 4. Let c be k(3). Let s be (-63)/(-14)*c/(-6). Calculate the highest common divisor of s and 12.
12
Suppose 4*u = -p + 180, 4*u - 296 + 96 = 4*p. What is the highest common divisor of 345 and u?
23
Let r be 2/(-7) + 575/175. Suppose -r*x - 111 + 333 = 0. Calculate the greatest common factor of 111 and x.
37
Let g(m) = 118*m - 60. Let n be g(3). What is the highest common factor of n and 196?
98
Let g(j) = 6*j - 32. Let a be g(5). Let m be ((1 - 18) + 1)/(4/a). Suppose 3*h - 6 = 0, 0*b = -3*b - 2*h + 10. Calculate the highest common divisor of b and m.
2
Let a(i) = i**2 + 27*i + 54. Let l be a(-25). Suppose l*f - 23 = -3*c, 0*c - 2*f + 9 = -c. Calculate the greatest common factor of 11 and c.
1
Suppose 12*z - 8*z + 3*o = 270, -5*z + 4*o = -353. Calculate the greatest common divisor of 529 and z.
23
Suppose 2*q + 5*s - 51 - 286 = 0, -3*q + 453 = -3*s. Calculate the greatest common factor of q and 48.
12
Suppose 0 = 2*i - 21 - 7. Let h = 351 - 239. What is the greatest common divisor of i and h?
14
Let a be 1*108*(-3)/6. Let z be 8/(3*2/a*-2). What is the greatest common divisor of 90 and z?
18
Suppose -29*u + 5046 = 58*u. Calculate the greatest common factor of u and 1769.
29
Let w be 11/((4/(-12))/(1/(-3))). Calculate the greatest common divisor of 55 and w.
11
Suppose 5*r - 10 = 0, -3*c = -0*c - 2*r + 22. Let v be 4/3 + 2/c. Let a be v/(1 + (-8)/10). What is the highest common divisor of 2 and a?
1
Let b be -2 + 0 - (-12 + 4). Let s = -56 + 68. What is the greatest common divisor of s and b?
6
Suppose g - 222 = 2*c, 0 = -4*g - 0*g - 2*c + 898. Calculate the highest common divisor of 112 and g.
112
Let o = -97 - -94. Let w be (30/(-3))/5 - 3*o. What is the highest common factor of w and 1?
1
Let s = 837 - 831. Calculate the highest common divisor of 237 and s.
3
Let a(l) = -92*l + 5. Let s(z) = -46*z + 2. Let p(m) = -2*a(m) + 5*s(m). Let q be p(1). Let d = 29 - q. What is the highest common divisor of d and 15?
15
Let x = 174 + -90. What is the highest common factor of x and 12?
12
Let s(y) = 2*y**2 + 42*y + 148. Let g be s(-4). Calculate the highest common factor of g and 162.
6
Let y be 10/2 + 982 + -6 + -2. Calculate the greatest common factor of 11 and y.
11
Suppose 8*r = 3*r + 295. Calculate the greatest common factor of 649 and r.
59
Suppose -4*x - 10 = -6*x. Suppose -5*i = -x*s + s - 21, -10 = -2*i. Calculate the greatest common factor of s and 6.
1
Let z(b) = 4*b**3 - 2*b**2 - b + 1. Let i be z(2). Let o be (-2)/7 - i/(-7). Let q = -2132 + 2156. What is the greatest common divisor of o and q?
3
Let u(w) = 153*w - 195. Let o be u(3). Calculate the greatest common divisor of 22 and o.
22
Let g be (-8)/(3/(3*-2)). Let t = g - -6. Let f = 6 + t. What is the highest common divisor of 7 and f?
7
Suppose 82 + 18 = 2*z. Let u be (73 + 2)/(27/54). Calculate the highest common factor of z and u.
50
Let x be 3/12 - (-1390)/40. Suppose 5*z = z + 420. Calculate the highest common divisor of z and x.
35
Let a be 34*(-6)/(-4)*1. Suppose 0 = -72*s + 37*s + 595. Calculate the greatest common divisor of s and a.
17
Suppose 0 = 3*w - 109 - 35. Let f(h) = h**2 - 3*h - 14. Let c be f(6). Suppose -c*m + 95 = -385. Calculate the greatest common divisor of w and m.
24
Let d = -74 - -79. Calculate the greatest common factor of 2 and d.
1
Let m(d) = -25*d + 218. Let q be m(-6). Calculate the highest common factor of 64 and q.
16
Let m = -1 + 4. Suppose 8 = -v + m*j + j, 19 = 4*v + j. Suppose -909*q = -908*q - 28. What is the highest common divisor of v and q?
4
Let g = 342 + -312. Calculate the greatest common divisor of g and 15.
15
Let i(w) = -w**3 - 18*w**2 - 21*w + 34. Let u be i(-17). Calculate the highest common factor of u and 442.
34
Suppose 0 = 13*h - 18*h + 10. Let z be h/(-16)*10*-108. Calculate the highest common divisor of 15 and z.
15
Let b be (-85)/35 + 3 - 408/(-21). Calculate the highest common factor of 36 and b.
4
Let a be -1 + -1 - 0/8. Let s be 769 + a + 3*-1. Suppose -r - j + 153 = 0, 5*r - 3*j = -7*j + s. Calculate the highest common divisor of r and 19.
19
Let r = -207 - -360. Calculate the greatest common